?
True
Is 8087637529 a composite number?
False
Is 654109311 a prime number?
False
Is 58651281509 a composite number?
True
Is 13967128867 a prime number?
True
Is 5552580487 a composite number?
False
Is 4417190269 composite?
False
Is 3450573267 a composite number?
True
Is 153991346 a prime number?
False
Is 5970416819 a prime number?
True
Is 48802325963 a composite number?
True
Is 379873573 a composite number?
True
Is 89631304327 a composite number?
True
Is 32725544689 prime?
True
Is 6166667501 a prime number?
False
Is 908691137 prime?
True
Is 80851531627 a composite number?
True
Is 36768607091 prime?
False
Is 796247681 prime?
False
Is 44169958891 a prime number?
True
Is 467980361 a composite number?
False
Is 35737145471 prime?
True
Is 1869557657 a composite number?
True
Is 11465423 composite?
False
Is 699486929 a prime number?
True
Is 8675824483 prime?
True
Is 3217170547 composite?
True
Is 5329663601 composite?
False
Is 2228349898 composite?
True
Is 1453807559 a prime number?
False
Is 708560129 prime?
True
Is 542815943 a composite number?
False
Is 114045241097 a composite number?
False
Is 28268082719 prime?
True
Is 17420704129 prime?
True
Is 139713703 composite?
True
Is 917226305 composite?
True
Is 2735925691 a prime number?
False
Is 897482429 a composite number?
False
Is 16745832641 composite?
True
Is 913031555 a composite number?
True
Is 3009610031 composite?
False
Is 8199730339 composite?
True
Is 9222169049 prime?
True
Is 49246144103 a prime number?
False
Is 40733856697 composite?
False
Is 551275203 a prime number?
False
Is 1076234345 a prime number?
False
Is 8372490079 composite?
True
Is 75508829945 prime?
False
Is 80309023523 a composite number?
False
Is 63674771 a prime number?
True
Is 28581135599 a prime number?
True
Is 877873061947 a composite number?
True
Is 2893128563 prime?
False
Is 12432508651 a composite number?
True
Is 301649987 composite?
True
Is 6652863263 composite?
False
Is 16375700587 composite?
False
Is 566869801 prime?
False
Is 41041109479 a composite number?
True
Is 522356897 composite?
False
Is 5891220497 a prime number?
True
Is 1139707973 prime?
False
Is 8011926301 a composite number?
False
Is 848121079 prime?
False
Is 15234608033 a composite number?
False
Is 79928961187 composite?
False
Is 658178153 composite?
False
Is 1108154767 a composite number?
True
Is 45636342995 a prime number?
False
Is 6916344577 a composite number?
True
Is 1946816303 prime?
True
Is 30877391 a composite number?
False
Is 51251045 prime?
False
Is 2150627519 a prime number?
True
Is 691039373 a composite number?
False
Is 110860428667 composite?
False
Is 33621603335 a composite number?
True
Is 10496943901 prime?
True
Is 130549577 a composite number?
True
Is 63546864727 prime?
True
Is 10400237999 a prime number?
True
Is 3649040947 prime?
True
Is 822419879 prime?
True
Is 59295540493 prime?
False
Is 202575285161 composite?
True
Is 761977109 composite?
True
Is 1091614973 composite?
False
Is 3108058673 prime?
False
Is 642735257 a composite number?
False
Is 16677942553 a prime number?
True
Is 2327033173 composite?
True
Is 17636824631 a composite number?
False
Is 515321683 composite?
False
Is 3710253929 prime?
False
Is 2503769083 composite?
False
Is 9175861453 a prime number?
False
Is 18192681799 prime?
False
Is 3365279527 prime?
True
Is 426202565 prime?
False
Is 5611933 composite?
False
Is 93793331 composite?
False
Is 49713977293 a prime number?
False
Is 74086669 a prime number?
False
Is 69799003 prime?
True
Is 522941927 a prime number?
True
Is 321176293 a composite number?
False
Is 28693883815 prime?
False
Is 11707241999 composite?
True
Is 1130525441 a composite number?
True
Is 2008628689 prime?
True
Is 245232857 prime?
True
Is 5124482729 prime?
False
Is 13067693 composite?
False
Is 2303345609 prime?
True
Is 9368329709 prime?
False
Is 538154783 a prime number?
True
Is 385483114381 composite?
False
Is 39120754457 prime?
False
Is 237217871 a composite number?
True
Is 1297375933 prime?
False
Is 75418471774 a composite number?
True
Is 764391506 prime?
False
Is 113818768363 a composite number?
True
Is 6019188599 prime?
False
Is 1594550987 composite?
True
Is 69027495987 a composite number?
True
Is 11276488739 prime?
False
Is 2101484813 a composite number?
False
Is 2870544473 a composite number?
False
Is 1127999713 a prime number?
True
Is 28896797647 prime?
False
Is 59840661043 prime?
True
Is 629441789 prime?
True
Is 5426458393 prime?
False
Is 61557183773 composite?
False
Is 1449278141 composite?
True
Is 1783665017 a prime number?
True
Is 205952131199 a prime number?
False
Is 130239349 a prime number?
True
Is 918617789 prime?
True
Is 30928226857 composite?
True
Is 80140679 prime?
True
Is 2101374683 a prime number?
True
Is 178857047737 prime?
False
Is 4321501909 a composite number?
False
Is 36922248071 a prime number?
False
Is 3648323891 a prime number?
False
Is 3308085349 a prime number?
False
Is 14802550453 composite?
False
Is 9604335197 a composite number?
True
Is 413757647 a prime number?
False
Is 499861119 a composite number?
True
Is 19002061207 a prime number?
False
Is 96065573 composite?
True
Is 8012330497 a prime number?
True
Is 100841800099 a composite number?
False
Is 79008944359 prime?
False
Is 391145527 a composite number?
True
Is 41624643881 a composite number?
True
Is 13972303151 composite?
True
Is 8321766799 a prime number?
True
Is 28125063943 a prime number?
True
Is 329942707 a composite number?
True
Is 4194190493 a composite number?
False
Is 14855163721 a composite number?
False
Is 25474830943 a prime number?
True
Is 529757407 a composite number?
True
Is 90607843 a prime number?
True
Is 614829647 a composite number?
False
Is 1720282273 a prime number?
False
Is 76727754733 a composite number?
True
Is 2189922122 composite?
True
Is 458100523 prime?
False
Is 14224037561 composite?
False
Is 35942746687 prime?
True
Is 16763386 prime?
False
Is 840879731 composite?
False
Is 14733905203 composite?
False
Is 13190459 prime?
True
Is 669331969 composite?
True
Is 2463693959 composite?
True
Is 3150745723 prime?
True
Is 2951163867 composite?
True
Is 870070991 a prime number?
False
Is 49232057 prime?
False
Is 71640032873 a composite number?
True
Is 812103883 a composite number?
False
Is 124636716271 a prime number?
True
Is 4825121689 a composite number?
False
Is 13659469781 composite?
True
Is 652370006 prime?
False
Is 42974981391 a composite number?
True
Is 33087839179 prime?
True
Is 87551797 a prime number?
True
Is 156967559623 prime?
False
Is 7136666063 composite?
False
Is 11084603765 prime?
False
Is 3583492039 prime?
False
Is 27314499209 composite?
True
Is 1739844941 composite?
False
Is 170059281031 a composite number?
True
Is 1046722449 prime?
False
Is 7434019349 composite?
False
Is 17098003921 a composite number?
False
Is 28786226309 composite?
True
Is 26318407499 a composite number?
True
Is 5687068927 prime?
False
Is 2342556562 a prime number?
False
Is 34017605801 composite?
False
Is 19924438043 composite?
False
Is 627866917 a composite number?
False
Is 55001481269 composite?
True
Is 1193836685 a prime number?
False
Is 20435425991 a prime number?
False
Is 834079481 a prime number?
True
Is 134624261 composite?
True
Is 16133217297 a composite number?
True
Is 6704167 a prime number?
False
Is 13834222235 prime?
False
Is 6276136169 a prime number?
True
Is 230718307 prime?
True
Is 9649730897 a prime number?
False
Is 2897860997 prime?
False
Is 102684521 prime?
True
Is 92261156755 composite?
True
Is 12886029401 a prime number?
False
Is 2343632959 a prime number?
True
Is 13676059919 a composite number?
False
Is 599830667 composite?
True
Is 284373431 a composite number?
False
Is 101790826483 composite?
True
Is 16370442853 prime?
False
Is 14247121457 a composite number?
False
Is 16717102313 prime?
True
Is 10208405143 composite?
True
Is 24927707549 prime?
False
Is 46006706803 composite?
False
Is 268990583 composite?
True
Is 611573737 a prime number?
True
Is 207208861 a prime number?
True
Is 2963137949 a prime number?
True
Is 5719876439 composite?
False
Is 4338260173 a composite number?
True
Is 365726980819 prime?
False
Is 19751945789 composite?
False
Is 2923929149 a prime number?
True
Is 3197735597 a prime number?
False
Is 52935168211 a composite number?
True
Is 42